*m - 2. Let j(z) = -5*z + 4. Let r(s) = 6*j(s) + 14*v(s). Calculate the remainder when r(-4) is divided by 2.
0
Suppose 0 = -3*v - 1 + 10. Suppose 3*x + 2*x + 10 = 0, 0 = 2*y + 2*x - 6. Suppose -p = -2*p + y. Calculate the remainder when p is divided by v.
2
Let j = -15 - -21. What is the remainder when 28 is divided by j?
4
Suppose 0 = -5*v + 23 + 7. Let y = 7 + -6. Calculate the remainder when 57/v*(y + 3) is divided by 13.
12
Suppose -17*g + 244 + 45 = 0. Calculate the remainder when g is divided by 3.
2
Let j = 10 + -7. Let b(y) = -2*y - 5. Let d(x) = x**2 + 6*x - 1. Let u be d(-5). What is the remainder when b(u) is divided by j?
1
Let x(l) = -l**2 - 7*l. Let f be x(-6). Suppose -14 + f = -4*d. Suppose d*y - 4*k = 0, -2*k = -7*k + 15. Calculate the remainder when 10 is divided by y.
4
Let z(i) = -i + 1 + 2*i + 4. What is the remainder when ((-2)/(-6))/(7/378) is divided by z(5)?
8
Let f = 54 - 50. Calculate the remainder when 17 is divided by f.
1
Let j(c) = -58*c + 2. Let f be j(-6). Suppose -5*v - 5*y + f = 0, -y = 2*v - 0*v - 140. What is the remainder when v is divided by 18?
16
Let j = 48 - 25. What is the remainder when (-1 + 11)*(-117)/(-26) is divided by j?
22
Suppose 84 = 10*u - 7*u. Let n = -85 - -195. Calculate the remainder when n is divided by u.
26
Suppose 9 = 4*p + 1. Let b be 3*p - 4/4. Suppose 4*r - 3*h = -2*h + 7, -b*h - 3 = -4*r. What is the remainder when 4 is divided by r?
0
Let z be (7*3)/3 + -2. Calculate the remainder when 2/z - 38/(-5) is divided by (-74)/(-14) - (-6)/(-21).
3
Let d = 40 + -26. Let y = 20 - d. Calculate the remainder when y is divided by 2.
0
Suppose -3*r + 2*r = -60. Suppose 2*w - r = -2*w. Calculate the remainder when 28 is divided by w.
13
Suppose -5*j = -j. Suppose j*s - s + 25 = 0. What is the remainder when s is divided by 7?
4
Let t(o) = o**3 - 3*o**2 + 2. Let q be t(2). What is the remainder when 24 is divided by q/(-11) + (-423)/(-33)?
11
Let d(r) = -11*r - 8. Let l be d(-6). Suppose 3*b + l = 2*f, -b = -3*f + b + 77. What is the remainder when f is divided by 12?
11
Let u = -14 - -20. What is the remainder when 3/(-6)*-6 + 8 is divided by u?
5
Let u = 12 + 5. What is the remainder when u is divided by 6?
5
Let f(a) = -a**2 - 14*a + 1. Calculate the remainder when 53 is divided by f(-13).
11
Calculate the remainder when (1 + -2)*23*-1 is divided by 156/8*2/3.
10
Suppose -3*c = m - 14, -3*c + 19 = 7. Suppose 0 = -0*o + m*o - 12. Calculate the remainder when 10 is divided by o.
4
Suppose -q - 2*w + 11 = 0, 0*q = 4*q - 3*w. What is the remainder when 17 is divided by q?
2
Let c be (-4 - 3)*60/(-35). Let g = -3 - -9. Let p = c - g. What is the remainder when 10 is divided by p?
4
Suppose 0 = 5*v - 17 - 153. Suppose k + p = 1 + 10, -5*p + 31 = 3*k. What is the remainder when v is divided by k?
10
Let x(h) = -9*h - 10. What is the remainder when x(-10) is divided by 27?
26
Suppose -22 = -u + 3*l, 0*u - 71 = -4*u - 5*l. Suppose -g + 3*g = 72. What is the remainder when g is divided by u?
17
Suppose -7*r = -3*r - 564. Suppose -2*f + o = 5*o - 42, -o = 5*f - r. Calculate the remainder when f is divided by 6.
5
Suppose -k = 2*t - 29, 4*k = 4*t + 31 + 37. Calculate the remainder when (-1)/(-3) - (-434)/k is divided by 8.
5
Let l = -7 + 12. What is the remainder when 14 is divided by l?
4
Let g = 223 - 158. What is the remainder when g is divided by 33?
32
Suppose 2*d - 114 = -5*p + p, -2*p = 4*d - 66. Let f = 203 + -123. What is the remainder when f is divided by p?
26
Let l be 1 + -2 + 10*2. Suppose 3*q + 4 = l. Suppose -6*k + k + 70 = 0. What is the remainder when k is divided by q?
4
Let r(v) = -8*v + 1. Let z = -64 - -89. Calculate the remainder when z is divided by r(-1).
7
Calculate the remainder when 59 is divided by 784/35 + (-3)/(-5) + -1.
15
Let n(r) = r + 6. Calculate the remainder when 46 is divided by n(6).
10
Suppose -5*s + 36 = -2*s. Calculate the remainder when (69/(-15))/((-1)/5) is divided by s.
11
Let l = -6 + 1. Let p be 3*(-1)/((-3)/4). What is the remainder when ((-6)/p)/(l/80) is divided by 13?
11
Let c = 14 + -1. Let p = c + -3. Suppose -5*i = -p - 25. Calculate the remainder when 12 is divided by i.
5
Let a(z) = 5*z**2 + 2*z - 1. Suppose 3*m + i = 3*i + 123, -175 = -4*m - i. What is the remainder when m is divided by a(2)?
20
Suppose -45 = -3*u - 69. Let n(d) be the first derivative of -d**4/4 - 2*d**3 + 6*d**2 + 2*d - 1. What is the remainder when n(u) is divided by 12?
10
Let v(o) = 6*o - 17. What is the remainder when 123 is divided by v(8)?
30
Let d(p) = 5*p - 3. Let t be 1/(2/24*2). Let j be d(t). Let f = j - 11. What is the remainder when 46 is divided by f?
14
Let i(k) = -k + 1. Let y be i(-3). Suppose -d = y*d + 15. Calculate the remainder when (74/d)/(4/(-6)) is divided by 13.
11
Let x = 1 - 0. Let b = 5 - x. What is the remainder when 31 is divided by (-3)/(-12) + 63/b?
15
Suppose 0 = -n + 1 + 2. Suppose n*o - g = 20, 5*o - o - 48 = -4*g. Calculate the remainder when 13 is divided by o.
5
Let o(d) = 8*d**2 + 2*d + 5. What is the remainder when 96 is divided by o(-2)?
30
Let p(h) = 4*h + 10*h - 11*h. What is the remainder when 34 is divided by p(3)?
7
Suppose 6*s - 284 = 2*s. Calculate the remainder when s is divided by 15.
11
Let k = 125 - 99. Calculate the remainder when 127 is divided by k.
23
Suppose -3*b - 2*v - v - 18 = 0, -5*b + 4*v = 30. Let z = 5 + b. Calculate the remainder when 13*(z - (-6)/3) is divided by 7.
6
Calculate the remainder when 10 is divided by (-96)/(-30) - (-4)/5.
2
Let u(z) = -z**3 - 3*z**2 - 6*z - 5. Let h be u(-4). Let r(s) = -2*s - 8. Let i be r(-6). Suppose -h = -i*y - y. What is the remainder when 20 is divided by y?
6
Suppose -1 = -2*t + 15. Let l = -26 - -47. Calculate the remainder when l is divided by t.
5
Let y be (3 + 1)*(-2 + 3). Suppose 0 = 5*i - 0*m - 2*m - y, m = -4*i + 11. Let n(r) = 4*r**2 - 2*r - 3. Calculate the remainder when n(-1) is divided by i.
1
Let r(t) = t**2 - t + 7. Let f(o) = 2*o**2 - 3*o + 15. Let b(z) = -4*f(z) + 9*r(z). What is the remainder when b(3) is divided by 12?
9
Let u(t) = t**3 - t**2 - 9*t - 3. Calculate the remainder when u(4) is divided by 6.
3
Suppose 9 = 2*a + a. Suppose a*c = 8*c - 55. Calculate the remainder when 19 is divided by c.
8
Suppose -9*b + 84 - 21 = 0. Calculate the remainder when 11 is divided by b.
4
Suppose -12*u = -162 - 198. Let i(c) = -c**3 - 6*c**2 - c + 5. What is the remainder when u is divided by i(-6)?
8
Let z(p) = p**3 + 4*p**2 - 3*p + 4. Let i be z(-5). What is the remainder when 20 is divided by (14/4)/((-3)/i)?
6
Suppose -3*z - 2*z = 2*r - 9, 5 = -z. Let s = -22 + 8. What is the remainder when (3 - s/(-4))*-98 is divided by r?
15
Suppose q + 576 = 9*q. Calculate the remainder when q is divided by 15.
12
Suppose 4*g + 3*s - 37 = 0, 0*g + g - 1 = 2*s. Calculate the remainder when 8/((-2)/(-18)*6) is divided by g.
5
Suppose 5*j + 78 = 11*j. What is the remainder when 24 is divided by j?
11
Let h = -7 - -12. Calculate the remainder when 2/(-5)*(1 + -56) is divided by h.
2
Suppose -5*a + w - 5*w + 2 = 0, 3*a = -5*w + 9. Let u be 4/(-14) - 46/(-14). What is the remainder when u - (-15 - (5 + a)) is divided by 6?
3
Let l = -6 - -12. Let p = l - 4. Suppose -1 + 66 = p*b - 3*d, -b + d = -32. What is the remainder when b is divided by 11?
9
Suppose v + 35 = -4*f, -6*f - 5*v = -2*f + 31. Let a(k) = -3*k - 11. Let o be a(-9). Let p = f + o. Calculate the remainder when 12 is divided by p.
5
Suppose -2*d = -6 - 52. Calculate the remainder when d is divided by 10.
9
Let l(t) = -t**3 - 4*t**2 + 8*t + 6. Calculate the remainder when l(-6) is divided by 16.
14
Let a(s) = 11*s**2 - s. Calculate the remainder when a(1) is divided by 6.
4
Suppose -3*j = 4*y - j - 62, -2*j - 74 = -4*y. What is the remainder when 28 is divided by y?
11
Let v = 14 - 7. Suppose 0 = -10*u + 9*u + 25. What is the remainder when u is divided by v?
4
Let t(b) = -b**3 + 2*b**2 + 3*b - 2. Suppose 5*z + 2*a + a = 171, 0 = -4*a - 12. Let i = -24 + z. Calculate the remainder when t(-3) is divided by i.
10
Suppose 0 = u + 4, -v - 20 = 3*v + 2*u. Suppose x = 3*p - 2*p + 3, x + 5*p - 27 = 0. Let a = x + v. Calculate the remainder when a is divided by 2.
0
Suppose 2*u - 2 = -0. Suppose 3*l - 72 = 51. What is the re